when 309 is divided by 131.
47
Calculate the remainder when 57 is divided by 6.
3
What is the remainder when 399 is divided by 128?
15
Calculate the remainder when 2387 is divided by 1192.
3
What is the remainder when 160 is divided by 54?
52
What is the remainder when 2458 is divided by 16?
10
Calculate the remainder when 6828 is divided by 33.
30
What is the remainder when 1298 is divided by 188?
170
What is the remainder when 94 is divided by 33?
28
What is the remainder when 1585 is divided by 176?
1
What is the remainder when 761 is divided by 753?
8
What is the remainder when 72 is divided by 40?
32
What is the remainder when 1379 is divided by 457?
8
What is the remainder when 580 is divided by 31?
22
Calculate the remainder when 1599 is divided by 89.
86
What is the remainder when 4398 is divided by 31?
27
Calculate the remainder when 6323 is divided by 186.
185
What is the remainder when 384 is divided by 55?
54
Calculate the remainder when 560 is divided by 554.
6
Calculate the remainder when 609 is divided by 45.
24
Calculate the remainder when 2331 is divided by 461.
26
Calculate the remainder when 1535 is divided by 29.
27
What is the remainder when 1889 is divided by 14?
13
Calculate the remainder when 885 is divided by 167.
50
What is the remainder when 479 is divided by 80?
79
Calculate the remainder when 51 is divided by 21.
9
Calculate the remainder when 75 is divided by 38.
37
Calculate the remainder when 241 is divided by 9.
7
What is the remainder when 1203 is divided by 15?
3
What is the remainder when 2338 is divided by 5?
3
Calculate the remainder when 100 is divided by 28.
16
Calculate the remainder when 1647 is divided by 182.
9
What is the remainder when 21 is divided by 19?
2
Calculate the remainder when 39 is divided by 38.
1
What is the remainder when 253 is divided by 39?
19
What is the remainder when 79 is divided by 62?
17
Calculate the remainder when 4090 is divided by 227.
4
What is the remainder when 197 is divided by 19?
7
Calculate the remainder when 145 is divided by 11.
2
What is the remainder when 170 is divided by 44?
38
What is the remainder when 2807 is divided by 2803?
4
What is the remainder when 205 is divided by 191?
14
Calculate the remainder when 136 is divided by 53.
30
Calculate the remainder when 9592 is divided by 78.
76
Calculate the remainder when 23 is divided by 20.
3
Calculate the remainder when 73 is divided by 7.
3
Calculate the remainder when 2084 is divided by 37.
12
What is the remainder when 3596 is divided by 133?
5
What is the remainder when 148 is divided by 6?
4
Calculate the remainder when 75 is divided by 44.
31
Calculate the remainder when 655 is divided by 213.
16
Calculate the remainder when 364 is divided by 5.
4
Calculate the remainder when 32375 is divided by 284.
283
Calculate the remainder when 1646 is divided by 1637.
9
Calculate the remainder when 293 is divided by 88.
29
What is the remainder when 5525 is divided by 79?
74
What is the remainder when 4701 is divided by 89?
73
Calculate the remainder when 1437 is divided by 715.
7
What is the remainder when 649 is divided by 132?
121
Calculate the remainder when 21145 is divided by 57.
55
Calculate the remainder when 3788 is divided by 111.
14
Calculate the remainder when 33 is divided by 26.
7
Calculate the remainder when 2438 is divided by 61.
59
What is the remainder when 769 is divided by 77?
76
What is the remainder when 53 is divided by 14?
11
What is the remainder when 421 is divided by 21?
1
What is the remainder when 61757 is divided by 160?
157
What is the remainder when 1625 is divided by 22?
19
What is the remainder when 291 is divided by 104?
83
Calculate the remainder when 377 is divided by 21.
20
Calculate the remainder when 375 is divided by 26.
11
Calculate the remainder when 122 is divided by 27.
14
What is the remainder when 1767 is divided by 255?
237
What is the remainder when 690 is divided by 41?
34
What is the remainder when 340 is divided by 87?
79
What is the remainder when 1736 is divided by 174?
170
What is the remainder when 131 is divided by 34?
29
What is the remainder when 193 is divided by 23?
9
Calculate the remainder when 922 is divided by 25.
22
What is the remainder when 1047 is divided by 32?
23
Calculate the remainder when 129 is divided by 35.
24
What is the remainder when 925 is divided by 16?
13
Calculate the remainder when 299 is divided by 44.
35
What is the remainder when 405 is divided by 14?
13
What is the remainder when 302 is divided by 59?
7
What is the remainder when 235 is divided by 81?
73
Calculate the remainder when 236 is divided by 11.
5
Calculate the remainder when 908 is divided by 225.
8
What is the remainder when 701 is divided by 47?
43
Calculate the remainder when 1730 is divided by 282.
38
What is the remainder when 300 is divided by 43?
42
Calculate the remainder when 825 is divided by 18.
15
Calculate the remainder when 28 is divided by 18.
10
Calculate the remainder when 7055 is divided by 42.
41
Calculate the remainder when 149 is divided by 42.
23
What is the remainder when 888 is divided by 219?
12
What is the remainder when 2089 is divided by 19?
18
Calculate the remainder when 1499 is divided by 30.
29
What is the remainder when 250 is divided by 60?
10
What is the remainder when 72 is divided by 49?
23
What is the remainder when 2323 is divided by 25?
23
Calculate the remainder when 978 is divided by 49.
47
Calculate the remainder when 903 is divided by 183.
171
Calculate the remainder when 8109 is divided by 156.
153
What is the remainder when 122 is divided by 41?
40
What is the remainder when 5723 is divided by 18?
17
Calculate the remainder when 275 is divided by 38.
9
Calculate the remainder when 156 is divided by 21.
9
What is the remainder when 2237 is divided by 35?
32
What is the remainder when 163 is divided by 44?
31
Calculate the remainder when 895 is divided by 112.
111
Calculate the remainder when 1901 is divided by 119.
116
What is the remainder when 358 is divided by 24?
22
What is the remainder when 265 is divided by 259?
6
What is the remainder when 15694 is divided by 16?
14
Calculate the remainder when 97 is divided by 55.
42
What is the remainder when 699 is divided by 140?
139
Calculate the remainder when 957 is divided by 15.
12
What is the remainder when 154 is divided by 23?
16
What is the remainder when 428 is divided by 57?
29
What is the remainder when 813 is divided by 37?
36
What is the remainder when 1106 is divided by 75?
56
What is the remainder when 585 is divided by 28?
25
What is the remainder when 8070 is divided by 117?
114
Calculate the remainder when 314 is divided by 45.
44
What is the remainder when 4380 is divided by 32?
28
Calculate the remainder when 10622 is divided by 253.
249
Calculate the remainder when 137 is divided by 58.
21
What is the remainder when 808 is divided by 11?
5
Calculate the remainder when 1342 is divided by 24.
22
Calculate the remainder when 297 is divided by 18.
9
What is the remainder when 212 is divided by 27?
23
What is the remainder when 8731 is divided by 112?
107
Calculate the remainder when 922 is divided by 100.
22
What is the remainder when 39 is divided by 8?
7
What is the remainder when 28 is divided by 10?
8
What is the remainder when 741 is divided by 12?
9
What is the remainder when 143 is divided by 9?
8
Calculate the remainder when 146 is divided by 34.
10
What is the remainder when 882 is divided by 129?
108
What is the remainder when 103 is divided by 47?
9
What is the remainder when 1044 is divided by 520?
4
What is the remainder when 1684 is divided by 337?
336
What is the remainder when 1167 is divided by 65?
62
What is the remainder when 153 is divided by 11?
10
Calculate the remainder when 378 is divided by 10.
8
What is the remainder when 170 is divided by 20?
10
Calculate the remainder when 1157 is divided by 293.
278
Calculate the remainder when 61 is divided by 4.
1
Calculate the remainder when 3513 is divided by 1164.
21
What is the remainder when 83 is divided by 25?
8
What is the remainder when 72 is divided by 56?
16
Calculate the remainder when 758 is divided by 11.
10
Calculate the remainder when 352 is divided by 71.
68
What is the remai